30221. What is f(-79)?
122
Let v(s) = -4*s**3 - 6360*s**2 + 352*s + 559676. Give v(-1590).
-4
Let s(m) = 98986*m - 5642207. Give s(57).
-5
Let z(s) = -25271*s - 3108317. Give z(-123).
16
Let n(i) = 3*i**3 + 534*i**2 - 1624*i + 2. Determine n(3).
17
Let h(r) = -r**2 - 166*r + 17229. Calculate h(-235).
1014
Let a(x) = x**3 + 55*x**2 + 411*x - 175. Determine a(-46).
-37
Let y(s) = 2*s**2 + 255*s - 1084. Determine y(-137).
1519
Let t(d) = -d**3 - 12*d**2 - 38*d - 506. Determine t(-12).
-50
Let t(b) = b**3 + 70*b**2 - 105*b + 382. Give t(-71).
2796
Let i(z) = 156*z - 32. Give i(-1).
-188
Let s(n) = n**2 + 79*n - 1971. Give s(19).
-109
Let j(v) = 8*v**2 + 252*v + 1285. Calculate j(-25).
-15
Let p(c) = c**3 + 187*c**2 + 4064*c + 20. What is p(-25)?
-330
Let n(q) = 2*q**2 + 5461*q + 2920742. Give n(-730).
12
Let k(v) = 30931*v + 402086. What is k(-13)?
-17
Let q(z) = 759*z + 28830. Determine q(-38).
-12
Let n(j) = -2958*j + 701032. Determine n(237).
-14
Let u(k) = 5*k**3 + 19*k**2 - 33*k - 161. Calculate u(-4).
-45
Let w(n) = 7*n**2 - 5*n + 30. Calculate w(-3).
108
Let p(g) = -6*g**2 - 767*g + 1220. Determine p(-130).
-470
Let d(x) = -11*x**3 - 64*x**2 - 52*x - 104. What is d(-5)?
-69
Let z(b) = 2*b**2 - 37458*b - 262310. Give z(-7).
-6
Let p(r) = -r**3 + 6*r**2 - 1658*r + 13344. Determine p(8).
-48
Let z(t) = 10745*t - 924172. Determine z(86).
-102
Let w(i) = i**3 + 8*i**2 - 57*i - 1206. What is w(-14)?
-1584
Let w(j) = -30515*j + 91546. Give w(3).
1
Let m(c) = -c**2 + 23992*c + 23992. Calculate m(-1).
-1
Let r(o) = 113992*o + 1937863. What is r(-17)?
-1
Let j(m) = -m**3 + 6*m**2 + 1795*m - 588. What is j(-40)?
1212
Let f(o) = 121*o - 9337. Give f(83).
706
Let u(h) = 9*h**3 + 51*h**2 + 100*h + 524. What is u(-5)?
174
Let b(r) = -15*r + 1345. What is b(84)?
85
Let t(j) = 681*j - 39210. What is t(58)?
288
Let c(j) = -28767*j + 1265719. What is c(44)?
-29
Let j(c) = -24077*c + 168533. What is j(7)?
-6
Let f(c) = -c**3 - 10*c**2 - 65*c - 781. Give f(-16).
1795
Let t(d) = 2*d**2 - 31292*d - 62588. Calculate t(-2).
4
Let g(s) = -196977*s + 393929. Give g(2).
-25
Let h(i) = i**2 + 2179*i - 234875. Determine h(103).
171
Let r(v) = 3*v**3 + 18*v**2 - 74*v + 9. Calculate r(-10).
-451
Let c(z) = -z**3 + 5*z**2 - 203*z + 800. What is c(4)?
4
Let u(f) = -1605*f - 581009. Calculate u(-362).
1
Let o(r) = -r**2 + 1371304*r + 6856551. What is o(-5)?
6
Let k(i) = i**3 + 22*i**2 + 80*i + 387. What is k(-13)?
868
Let y(w) = -w**3 - 10*w**2 + 38*w - 89. Calculate y(6).
-437
Let l(u) = -3*u**3 + 406*u + 1901. What is l(-5)?
246
Let r(a) = 44618*a - 45291. Give r(1).
-673
Let i(w) = 81331*w - 569289. Give i(7).
28
Let c(k) = -6*k**3 + 112*k**2 + 50*k - 33. Give c(19).
195
Let y(l) = -l**2 - 638*l - 76796. What is y(-477)?
1
Let y(b) = -18*b**3 - 135*b**2 - 78*b - 52. Give y(-7).
53
Let v(u) = 2*u**3 + 3*u**2 - 212*u - 2108. Give v(-10).
-1688
Let o(k) = 6*k**3 + 12*k**2 + 8*k + 192. Determine o(-4).
-32
Let d(u) = -83189*u - 915091. Give d(-11).
-12
Let v(d) = -d**2 + 1500*d + 11917. Give v(-8).
-147
Let p(c) = -c**2 - 79*c + 560. Determine p(-54).
1910
Let i(h) = 50*h**2 - 16394*h + 32785. Determine i(2).
197
Let p(r) = -1482*r + 90534. Calculate p(61).
132
Let c(q) = 1438*q**3 + 4*q**2 + 14*q + 1. Give c(-1).
-1447
Let q(u) = 2*u**3 + 152*u**2 - 5285*u - 539. Give q(26).
-45
Let a(i) = i**3 + 5*i**2 - 97*i + 175. Calculate a(8).
231
Let q(l) = -178463*l - 1070792. What is q(-6)?
-14
Let m(o) = 14*o**2 + 2831*o - 14102. What is m(5)?
403
Let z(u) = u**3 + 13*u**2 - 9604*u - 28909. Give z(-3).
-7
Let q(i) = -527*i**2 - 26356*i - 278. Give q(-50).
22
Let f(w) = -2*w**3 - 31*w**2 + 3438*w + 51700. Give f(-15).
-95
Let f(h) = 35317*h + 35292. Give f(-1).
-25
Let j(o) = o**3 - 108*o**2 - 670*o - 1594. What is j(114)?
2
Let k(h) = -28*h**3 - 91*h**2 + 20*h + 22. Determine k(-1).
-61
Let a(n) = n**3 + 146*n**2 + 1123*n + 163855. Determine a(-146).
-103
Let h(w) = 4*w**2 - 282*w - 1491. Calculate h(76).
181
Let c(p) = 2657*p + 39854. Give c(-15).
-1
Let v(m) = 27*m**2 - 10371*m + 891. Calculate v(384).
-261
Let v(o) = -9*o**2 + 187*o + 35404. Calculate v(74).
-42
Let v(p) = -p**2 + 4447*p - 383576. What is v(88)?
16
Let z(i) = 1268*i + 213. Give z(-1).
-1055
Let g(a) = a**3 + 3*a**2 - 18818*a + 75154. What is g(4)?
-6
Let s(q) = -1262*q - 64358. Give s(-51).
4
Let b(q) = 2*q**3 + 269*q**2 - 1269*q - 2584. What is b(-139)?
-82
Let w(g) = 25*g**3 - 20*g**2 + 7*g - 5. Calculate w(2).
129
Let h(d) = -180*d**2 - 3979*d + 22. What is h(-22)?
440
Let g(z) = -z**3 + 349*z**2 + 361*z - 3164. Determine g(350).
686
Let y(n) = 2318*n - 1295725. Calculate y(559).
37
Let p(m) = -m**3 - 140*m**2 - 1538*m + 198. What is p(-128)?
454
Let y(a) = 9738*a - 42. Determine y(0).
-42
Let r(n) = -23*n**3 + 2091*n**2 + 160*n + 1993. Determine r(91).
-9
Let g(v) = 5*v**2 - 9*v + 754. Determine g(7).
936
Let h(s) = -4915*s - 2998130. What is h(-610)?
20
Let s(f) = 3*f**2 - 61390*f + 858872. Calculate s(14).
0
Let m(z) = 192456*z + 49461187. Calculate m(-257).
-5
Let h(a) = 587*a**2 + 4156*a - 10137. What is h(-9)?
6
Let o(h) = 1134*h - 18649. What is o(17)?
629
Let r(n) = -n**2 - 1941*n + 35274. Give r(18).
12
Let j(m) = -3*m**2 - 227*m + 4038. Calculate j(-95).
-1472
Let h(v) = -9*v**2 - 44976*v - 224910. Determine h(-5).
-255
Let h(z) = -z**2 - 3473*z - 1797718. What is h(-633)?
2
Let g(u) = 174*u**2 - 113*u + 113. What is g(1)?
174
Let t(v) = -6*v**2 - 13*v + 235. Calculate t(-16).
-1093
Let w(b) = 1036*b + 68149. Give w(-65).
809
Let x(w) = 3*w**3 + 176*w**2 - 619*w + 58. Give x(-62).
-4
Let u(i) = 24*i - 915. Give u(-11).
-1179
Let b(h) = 1327*h - 170951. Give b(129).
232
Let k(l) = 4*l**2 + 163*l + 121. Determine k(-36).
-563
Let l(d) = -159*d - 8957. Calculate l(-56).
-53
Let l(x) = -2*x**3 + 214*x**2 - 5538*x - 267. What is l(44)?
-3
Let s(m) = -21*m**3 - 25*m**2 - 103*m - 3. What is s(-5)?
2512
Let k(y) = y**3 + 37*y**2 - 624*y - 24305. Calculate k(-35).
-15
Let k(c) = 128050*c - 2561003. Give k(20).
-3
Let r(a) = 10*a**2 - 561*a + 646. Give r(54).
-488
Let z(q) = 1536*q - 4564. Calculate z(3).
44
Let l(j) = -7021*j + 7546. Determine l(1).
525
Let w(r) = 8778*r - 3590243. Give w(409).
-41
Let d(m) = 156*m**2 + 43388*m + 5564. Give d(-278).
4
Let a(w) = 15221*w - 197868. What is a(13)?
5
Let f(m) = 1535*m**3 + 4*m**2 + 10*m + 6. Give f(-1).
-1535
Let q(m) = -7*m**3 + 7*m**2 + 64*m + 43. Determine q(-4).
347
Let q(w) = 4309*w + 900550. Determine q(-209).
-31
Let g(j) = 935*j - 44869. Calculate g(48).
11
Let y(n) = 2*n**2 - 220*n + 3781. What is y(22)?
-91
Let k(p) = 383*p - 3847. Calculate k(10).
-17
Let d(x) = x**3 + 557*x**2 - 578*x - 10838. Determine d(-558).
322
Let h(n) = 53*n - 36. What is h(14)?
706
Let x(s) = 5*s**3 - 628*s**2 - 10076*s + 38. Give x(140).
598
Let n(o) = 225558*o - 225566. Determine n(1).
-8
Let o(q) = -2*q**2 - 748*q - 59252. Calculate o(-114).
28
Let j(k) = -3219*k**2 - 54728*k - 45. What is j(-17)?
40
Let i(v) = 29*v**3 + 2901*v**2 + 100*v - 106. Determine i(-100).
-106
Let n(h) = -5*h**3 + 420*h**2 + 421*h + 157. Give n(85).
-183
Let t(y) = 42*y**2 + 9246*y - 357. Give t(-220).
-1677
Let r(y) = 58*y - 8569. Calculate r(234).
5003
Let c(w) = w**3 - 98*w**2 + 299*w + 86. Determine c(95).
1416
Let a(n) = -133737*n - 8960380. Determine a(-67).
-1
Let x(c) = -c**2 - 74*c + 91. Determine x(-13).
884
Let p(q) = -3*q**3 + 121*q**2 - 152*q - 1011. Give p(39).
-855
Let y(w) = -127*w**2 - 44573*w + 1397. Give y(-351).
-7
Let v(w) = 230537*w + 4149675. Calculate v(-18).
9
Let j(s) = -75*s**2 + 1113*s + 2810. Determine j(17).
56
Let s(f) = f**3 + 155*f**2 - 539*f - 35484. What is s(-157)?
-159
Let b(c) = -c**3 + 10*c**2 + 785*c - 7819. What is b(10)?
31
Let l(p) = 3*p**3 - 1387*p**2 - 5125*p - 458. Determine l(466).
8
Let k(f) = f**3 - 260*f**2 - 1849*f + 673334. Give k(257).
-6
Let p(j) = -2*j**3 - 20*j**2 + 15085*j + 235. Calculate p(82).
-11
Let r(i) = -276*i + 1474. Calculate r(6).
-182
Let u(v) = -16*v**2 - 30955*v + 92837. Give u(3).
-172
Let d(q) = -6692*q - 26765. What is d(-4)?
3
Let f(v) = -389*v + 38128. What is f(98)?
6
Let w(d) = -410*d**2 + 2463*d - 45. Calculate w(6).
-27
Let h(k) = 570*k - 30459. What is h(49)?
-2529
Let v(k) = k**3 - 10*k**2 + 508*k - 11467. Deter